161
List the prime factors of 7297788.
2, 3, 43, 14143
What are the prime factors of 252096?
2, 3, 13, 101
What are the prime factors of 232314?
2, 3, 31, 1249
What are the prime factors of 36283?
13, 2791
What are the prime factors of 78981?
3, 7, 3761
What are the prime factors of 29345642?
2, 151, 97171
What are the prime factors of 2686395?
3, 5, 79, 2267
List the prime factors of 2486525.
5, 79, 1259
List the prime factors of 2017440.
2, 3, 5, 467
What are the prime factors of 8606918?
2, 4303459
What are the prime factors of 109620?
2, 3, 5, 7, 29
List the prime factors of 9972846.
2, 3, 13, 17, 23, 109
What are the prime factors of 805976?
2, 100747
List the prime factors of 25565195.
5, 17, 167, 1801
List the prime factors of 1013031.
3, 112559
List the prime factors of 1776359.
13, 23, 457
List the prime factors of 17970326.
2, 11, 17, 48049
What are the prime factors of 63358?
2, 79, 401
List the prime factors of 9991845.
3, 5, 222041
What are the prime factors of 1363855?
5, 272771
List the prime factors of 48990.
2, 3, 5, 23, 71
What are the prime factors of 3365880?
2, 3, 5, 7, 4007
What are the prime factors of 64175?
5, 17, 151
List the prime factors of 490634.
2, 245317
What are the prime factors of 122477?
122477
What are the prime factors of 1054750?
2, 5, 4219
List the prime factors of 1633067.
1633067
List the prime factors of 1227764.
2, 306941
List the prime factors of 2675303.
2675303
List the prime factors of 318507.
3, 7, 29, 523
List the prime factors of 1144102.
2, 572051
What are the prime factors of 4149305?
5, 409, 2029
List the prime factors of 5013560.
2, 5, 125339
List the prime factors of 2649360.
2, 3, 5, 7, 19, 83
What are the prime factors of 1900381?
7, 271483
List the prime factors of 150213.
3, 7, 23, 311
What are the prime factors of 36403990?
2, 5, 7, 29, 79, 227
What are the prime factors of 8534835?
3, 5, 191, 331
List the prime factors of 3461005.
5, 29, 23869
List the prime factors of 339174.
2, 3, 11, 571
What are the prime factors of 3535045?
5, 19, 127, 293
What are the prime factors of 1821246?
2, 3, 7, 103, 421
What are the prime factors of 21436631?
353, 60727
What are the prime factors of 1038780?
2, 3, 5, 29, 199
What are the prime factors of 31119?
3, 11, 23, 41
What are the prime factors of 117360?
2, 3, 5, 163
List the prime factors of 37529287.
107, 350741
What are the prime factors of 1230962?
2, 383, 1607
List the prime factors of 444248.
2, 7, 7933
List the prime factors of 16392715.
5, 233, 14071
What are the prime factors of 59800?
2, 5, 13, 23
List the prime factors of 5409617.
701, 7717
List the prime factors of 14836033.
89, 1873
List the prime factors of 10945046.
2, 7, 31, 25219
What are the prime factors of 101759?
7, 14537
What are the prime factors of 2490281?
97, 25673
List the prime factors of 211917.
3, 70639
What are the prime factors of 5695275?
3, 5, 75937
What are the prime factors of 501800?
2, 5, 13, 193
List the prime factors of 228935.
5, 7, 31, 211
List the prime factors of 24009062.
2, 7, 11, 14173
What are the prime factors of 384809?
79, 4871
List the prime factors of 1144030.
2, 5, 233, 491
What are the prime factors of 218283?
3, 13, 29, 193
What are the prime factors of 1441675?
5, 57667
List the prime factors of 1519076.
2, 13, 131, 223
What are the prime factors of 14032963?
7, 19, 15073
What are the prime factors of 272980?
2, 5, 13649
List the prime factors of 63124.
2, 43, 367
What are the prime factors of 5206785?
3, 5, 71, 4889
What are the prime factors of 826624?
2, 3229
What are the prime factors of 640238?
2, 320119
What are the prime factors of 3762067?
31, 121357
List the prime factors of 22465.
5, 4493
What are the prime factors of 489974?
2, 17, 14411
What are the prime factors of 61135?
5, 12227
List the prime factors of 98521.
83, 1187
List the prime factors of 14995167.
3, 11, 101, 409
List the prime factors of 135215.
5, 27043
What are the prime factors of 797054?
2, 37, 10771
What are the prime factors of 4635557?
163, 28439
List the prime factors of 63941.
43, 1487
What are the prime factors of 22678733?
7, 11, 294529
List the prime factors of 484808.
2, 60601
What are the prime factors of 169128?
2, 3, 29
What are the prime factors of 22807603?
7, 13, 41, 6113
List the prime factors of 6310511.
61, 103451
List the prime factors of 5410010.
2, 5, 541001
What are the prime factors of 379139?
37, 10247
List the prime factors of 9106693.
9106693
What are the prime factors of 1459582?
2, 729791
List the prime factors of 90387.
3, 11, 83
What are the prime factors of 11601665?
5, 1297, 1789
What are the prime factors of 5941335?
3, 5, 431, 919
List the prime factors of 10346636.
2, 2586659
List the prime factors of 37716.
2, 3, 7, 449
List the prime factors of 513751.
7, 23, 3191
List the prime factors of 1131270.
2, 3, 5, 7, 5387
What are the prime factors of 28230417?
3, 1045571
List the prime factors of 5367058.
2, 2683529
List the prime factors of 177344.
2, 17, 163
List the prime factors of 4218767.
7, 47, 12823
List the prime factors of 6149168.
2, 71, 5413
List the prime factors of 199131.
3, 66377
List the prime factors of 9932086.
2, 41, 121123
What are the prime factors of 342920?
2, 5, 8573
List the prime factors of 444898.
2, 181, 1229
List the prime factors of 278944.
2, 23, 379
What are the prime factors of 6794418?
2, 3, 1132403
What are the prime factors of 2669489?
79, 33791
List the prime factors of 792917.
641, 1237
What are the prime factors of 7083260?
2, 5, 354163
List the prime factors of 169003.
169003
What are the prime factors of 20613202?
2, 31, 332471
What are the prime factors of 80337?
3, 61, 439
What are the prime factors of 11301021?
3, 37, 33937
What are the prime factors of 333325?
5, 67, 199
List the prime factors of 4902389.
37, 3581
List the prime factors of 2936530.
2, 5, 103, 2851
What are the prime factors of 2690345?
5, 7, 79, 139
What are the prime factors of 570094?
2, 7, 43, 947
List the prime factors of 8072482.
2, 11, 131, 2801
What are the prime factors of 4022686?
2, 461, 4363
List the prime factors of 309375.
3, 5, 11
What are the prime factors of 1257361?
7, 179623
List the prime factors of 960676.
2, 240169
List the prime factors of 1701997.
11, 154727
What are the prime factors of 447261?
3, 149087
What are the prime factors of 49884?
2, 3, 4157
List the prime factors of 3721552.
2, 232597
What are the prime factors of 695209?
673, 1033
List the prime factors of 36880.
2, 5, 461
What are the prime factors of 4623059?
7, 43, 15359
What are the prime factors of 1304805?
3, 5, 37, 2351
What are the prime factors of 1018244?
2, 83, 3067
List the prime factors of 179953.
179953
List the prime factors of 338623.
17, 19919
What are the prime factors of 8666065?
5, 1733213
What are the prime factors of 93477?
3, 31159
List the prime factors of 1247160.
2, 3, 5, 19, 547
List the prime factors of 685865.
5, 17, 8069
What are the prime factors of 6244822?
2, 23, 135757
List the prime factors of 155068.
2, 38767
What are the prime factors of 876643?
876643
What are the prime factors of 6663208?
2, 71, 11731
List the prime factors of 208887.
3, 7, 29
List the prime factors of 1028796.
2, 3, 85733
List the prime factors of 39526.
2, 19763
List the prime factors of 1154622.
2, 3, 7, 37, 743
What are the prime factors of 32665?
5, 47, 139
What are the prime factors of 370473?
3, 123491
List the prime factors of 4285366.
2, 47, 45589
List the prime factors of 34287668.
2, 8571917
What are the prime factors of 675868?
2, 19, 8893
List the prime factors of 17656279.
151, 116929
What are the prime factors of 18654?
2, 3, 3109
List the prime factors of 257838.
2, 3, 7, 877
List the prime factors of 455566.
2, 17, 13399
List the prime factors of 514706.
2, 257353
What are the prime factors of 8155095?
3, 5, 13, 3217
List the prime factors of 1772456.
2, 7, 31, 1021
What are the prime factors of 576135?
3, 5, 7, 31, 59
What are the prime factors of 4355667?
3, 353, 457
What are the prime factors of 99363?
3, 11, 3011
List the prime factors of 1379060.
2, 5, 53, 1301
List the prime factors of 61695.
3, 5, 457
What are the prime factors of 195571?
223, 877
List the prime factors of 950766.
2, 3, 211, 751
What